{"id":5,"date":"2017-08-03T08:56:57","date_gmt":"2017-08-03T07:56:57","guid":{"rendered":"https:\/\/demos.artbees.net\/jupiter\/tantalus\/?page_id=5"},"modified":"2021-03-07T20:06:13","modified_gmt":"2021-03-07T19:06:13","slug":"accueil","status":"publish","type":"page","link":"https:\/\/www.immogrossi.com\/site\/","title":{"rendered":"ACCUEIL"},"content":{"rendered":"[vc_row fullwidth=\u00a0\u00bbtrue\u00a0\u00bb][vc_column][mk_layerslider id=\u00a0\u00bb1&Prime;][\/vc_column][\/vc_row][vc_row][vc_column][mk_padding_divider size=\u00a0\u00bb80&Prime;][\/vc_column][\/vc_row][vc_row][vc_column][mk_blockquote font_family=\u00a0\u00bbnone\u00a0\u00bb font_size_combat=\u00a0\u00bbtrue\u00a0\u00bb text_size=\u00a0\u00bb30&Prime;]Promoteurs-constructeurs, promoteurs-r\u00e9novateurs, bailleurs sociaux, investisseurs priv\u00e9s, propri\u00e9taires de terrains ou d\u2019immeubles, GROSSI fournit des solutions \u00e0 chaque \u00e9tape de la cr\u00e9ation de valeur immobili\u00e8re.[\/mk_blockquote][mk_padding_divider size=\u00a0\u00bb80&Prime;][mk_blockquote font_family=\u00a0\u00bbnone\u00a0\u00bb font_size_combat=\u00a0\u00bbtrue\u00a0\u00bb text_size=\u00a0\u00bb30&Prime;]Nous intervenons sur les march\u00e9s immobiliers du logement, du bureau, de l\u2019h\u00f4tellerie, des murs commerciaux et couvrons les\u00a0d\u00e9partements des Bouches du Rh\u00f4ne, du Var et des Alpes Maritimes.[\/mk_blockquote][mk_padding_divider size=\u00a0\u00bb80&Prime;][mk_blockquote font_family=\u00a0\u00bbnone\u00a0\u00bb font_size_combat=\u00a0\u00bbtrue\u00a0\u00bb text_size=\u00a0\u00bb30&Prime;]<img loading=\"lazy\" decoding=\"async\" class=\"alignright wp-image-707 size-medium\" src=\"https:\/\/www.immogrossi.com\/site\/wp-content\/uploads\/2021\/03\/yanngrossi6-300x239.jpg\" alt=\"Yann GROSSI\" width=\"300\" height=\"239\" srcset=\"https:\/\/www.immogrossi.com\/site\/wp-content\/uploads\/2021\/03\/yanngrossi6-300x239.jpg 300w, https:\/\/www.immogrossi.com\/site\/wp-content\/uploads\/2021\/03\/yanngrossi6.jpg 703w\" sizes=\"(max-width: 300px) 100vw, 300px\" \/>Chez GROSSI, l\u2019immobilier est une passion depuis plus de 35 ans.<\/p>\n<p>Nous engageons chaque dossier avec un seul objectif : le succ\u00e8s de la mission qui nous a \u00e9t\u00e9 confi\u00e9e.<\/p>\n<p>La cl\u00e9 de notre r\u00e9ussite r\u00e9side dans l&rsquo;attention particuli\u00e8re que nous mettons dans le choix de chacun de nos partenaires.<\/p>\n<p>C&rsquo;est la cr\u00e9ation de cette cha\u00eene de comp\u00e9tences et de valeur qui est le gage de la satisfaction de chacun de nos clients.<\/p>\n<p>Yann GROSSI est le fondateur de la SAS GROSSI IMMOBILIER.<br \/>\nD\u00e9s son retour des USA en 1988, Yann s&rsquo;investit dans la promotion immobili\u00e8re dans la r\u00e9gion cannoise, puis dans le Var et les Bouches du Rh\u00f4ne.<br \/>\nAu cours de sa carri\u00e8re, il a couvert tous les aspects de la cr\u00e9ation de valeur immobili\u00e8re, passant par le d\u00e9veloppement et l&rsquo;am\u00e9nagement foncier, la promotion et la commercialisation de programmes neufs, la r\u00e9alisation d&rsquo;op\u00e9rations d&rsquo;achat r\u00e9novation revente, la gestion d&rsquo;une entreprise de b\u00e2timent, le suivi et l&rsquo;organisation de chantier, les ventes judiciaires, la transaction immobili\u00e8re.[\/mk_blockquote][\/vc_column][\/vc_row][vc_row][vc_column][mk_padding_divider size=\u00a0\u00bb100&Prime;][\/vc_column][\/vc_row]\n","protected":false},"excerpt":{"rendered":"<p>[vc_row fullwidth=\u00a0\u00bbtrue\u00a0\u00bb][vc_column][mk_layerslider id=\u00a0\u00bb1&Prime;][\/vc_column][\/vc_row][vc_row][vc_column][mk_padding_divider size=\u00a0\u00bb80&Prime;][\/vc_column][\/vc_row][vc_row][vc_column][mk_blockquote font_family=\u00a0\u00bbnone\u00a0\u00bb font_size_combat=\u00a0\u00bbtrue\u00a0\u00bb text_size=\u00a0\u00bb30&Prime;]Promoteurs-constructeurs, promoteurs-r\u00e9novateurs, bailleurs sociaux, investisseurs priv\u00e9s, propri\u00e9taires de terrains ou d\u2019immeubles, GROSSI fournit des solutions \u00e0 chaque \u00e9tape de la cr\u00e9ation de valeur immobili\u00e8re.[\/mk_blockquote][mk_padding_divider size=\u00a0\u00bb80&Prime;][mk_blockquote font_family=\u00a0\u00bbnone\u00a0\u00bb font_size_combat=\u00a0\u00bbtrue\u00a0\u00bb text_size=\u00a0\u00bb30&Prime;]Nous intervenons sur les march\u00e9s immobiliers du logement, du bureau, de l\u2019h\u00f4tellerie, des murs commerciaux et couvrons les\u00a0d\u00e9partements des Bouches du Rh\u00f4ne, [&hellip;]<\/p>\n","protected":false},"author":1,"featured_media":0,"parent":0,"menu_order":0,"comment_status":"closed","ping_status":"closed","template":"","meta":{"footnotes":""},"_links":{"self":[{"href":"https:\/\/www.immogrossi.com\/site\/wp-json\/wp\/v2\/pages\/5"}],"collection":[{"href":"https:\/\/www.immogrossi.com\/site\/wp-json\/wp\/v2\/pages"}],"about":[{"href":"https:\/\/www.immogrossi.com\/site\/wp-json\/wp\/v2\/types\/page"}],"author":[{"embeddable":true,"href":"https:\/\/www.immogrossi.com\/site\/wp-json\/wp\/v2\/users\/1"}],"replies":[{"embeddable":true,"href":"https:\/\/www.immogrossi.com\/site\/wp-json\/wp\/v2\/comments?post=5"}],"version-history":[{"count":51,"href":"https:\/\/www.immogrossi.com\/site\/wp-json\/wp\/v2\/pages\/5\/revisions"}],"predecessor-version":[{"id":709,"href":"https:\/\/www.immogrossi.com\/site\/wp-json\/wp\/v2\/pages\/5\/revisions\/709"}],"wp:attachment":[{"href":"https:\/\/www.immogrossi.com\/site\/wp-json\/wp\/v2\/media?parent=5"}],"curies":[{"name":"wp","href":"https:\/\/api.w.org\/{rel}","templated":true}]}}